0 + 3?
-b9b8bac
In base 7, what is 20145114 + -2?
20145112
In base 5, what is 2412433101 + -30?
2412433021
In base 15, what is cea6 - 10?
ce96
In base 9, what is 16733 - -241?
17074
In base 16, what is 19cdf - -163?
19e42
In base 9, what is 5 - 260487360?
-260487354
In base 13, what is 2 - -ca39cc?
ca3a01
In base 12, what is -385 - -50138?
4b973
In base 14, what is -285167 - -22?
-285145
In base 2, what is -11111101110010000011110 + 11?
-11111101110010000011011
In base 9, what is -11708 - 6827?
-18636
In base 6, what is -412 - -141054?
140242
In base 9, what is -74567202 - 25?
-74567227
In base 15, what is 133b8b + -21?
133b6a
In base 3, what is 121010211202201202 - -12?
121010211202201221
In base 9, what is 4386 + 172?
4568
In base 14, what is c5d58 + -195?
c5ba3
In base 15, what is -1cd81927 - 5?
-1cd8192c
In base 2, what is -10111111010 + -100110011111100?
-101001011110110
In base 12, what is 236aa9516 - 5?
236aa9511
In base 14, what is 24c756b - -4?
24c7571
In base 2, what is -1010 + 1011000011000111100011001?
1011000011000111100001111
In base 8, what is -25307507 - 20?
-25307527
In base 4, what is -10 - -2332313221330?
2332313221320
In base 6, what is -133115 + 2433?
-130242
In base 14, what is -6647b1 - -1?
-6647b0
In base 4, what is -210323122 + 2222?
-210320300
In base 13, what is -9597787 + -4?
-959778b
In base 12, what is 156b + -5a99?
-452a
In base 16, what is -117e8de + -3?
-117e8e1
In base 14, what is 0 - -9cd3d?
9cd3d
In base 11, what is -54 - 306a9a?
-307043
In base 2, what is -1110110010 + 101010011?
-1001011111
In base 9, what is -260120807 + 10?
-260120787
In base 8, what is 1406 - 44544?
-43136
In base 14, what is -3 - -15141dc7?
15141dc4
In base 15, what is 55631 + -34?
555ec
In base 11, what is 17489a9 - 0?
17489a9
In base 5, what is -1 + 3000443112?
3000443111
In base 5, what is -12133 - 1340423?
-1403111
In base 10, what is 204 - -113944?
114148
In base 8, what is -11 + 640224?
640213
In base 12, what is 42 - 35621a7?
-3562165
In base 12, what is -5823a4a + -5?
-5823a53
In base 13, what is -1 - 2309a59?
-2309a5a
In base 16, what is -2582 + -de0?
-3362
In base 9, what is 11241 + 2525?
13766
In base 10, what is -192605 - -18?
-192587
In base 16, what is 1ea1e41 - -3?
1ea1e44
In base 15, what is 2 + 36e7911?
36e7913
In base 5, what is 11321143 - -110404?
11432102
In base 14, what is -531 - -ca1c6?
c9a95
In base 8, what is 1266216 - 152?
1266044
In base 15, what is -8804740 - -1?
-880473e
In base 11, what is -14729 - -125?
-14604
In base 9, what is 2315716 - 2?
2315714
In base 5, what is 4114103213123 + -2?
4114103213121
In base 10, what is 13 - 28076686?
-28076673
In base 13, what is -3 - -1192b82c?
1192b829
In base 8, what is 2 + 235570047?
235570051
In base 15, what is -5648a + 206?
-56284
In base 8, what is 5 + 210026273?
210026300
In base 11, what is 2 - -248527a0?
248527a2
In base 14, what is 806345 - -3d?
806384
In base 3, what is 1022120 + 1022120?
2122010
In base 12, what is -84b56153 + -2?
-84b56155
In base 15, what is 46bb + 14?
46d0
In base 6, what is -10305 + -2240?
-12545
In base 8, what is 1133075 - -722?
1134017
In base 12, what is -370778 - -20?
-370758
In base 13, what is 78 + -135b3c?
-135a94
In base 11, what is -163333aa - 1?
-16333400
In base 8, what is -36 + 27473752?
27473714
In base 7, what is -203326361 - 2?
-203326363
In base 3, what is -2020201221110 + 102111?
-2020201111222
In base 2, what is 11110001 - 10101010010001111?
-10101001110011110
In base 5, what is 32230103032 - 4?
32230103023
In base 13, what is 3193 - 1097?
20c9
In base 12, what is 5 + 17861195?
1786119a
In base 11, what is -4583 + 5658?
1085
In base 4, what is 13111012330 + 202?
13111013132
In base 9, what is 3 - -67452232?
67452235
In base 6, what is -112210454410 + -5?
-112210454415
In base 10, what is -10741073 + 48?
-10741025
In base 10, what is -400495 - -79?
-400416
In base 10, what is -1625158 - 0?
-1625158
In base 6, what is -102252 - 3?
-102255
In base 4, what is 2320 - 10130303223?
-10130300303
In base 9, what is 13 + 2002620?
2002633
In base 9, what is -16035 - 4622?
-21657
In base 3, what is 111011 + -21021120102?
-21021002021
In base 16, what is -4 - 207aed5?
-207aed9
In base 5, what is 4310331 + -1021?
4304310
In base 10, what is -1238 - -1594?
356
In base 7, what is 66 + 6355414?
6355513
In base 16, what is 4f13 - -56?
4f69
In base 3, what is -11110 - 1001101220?
-1001120100
In base 12, what is 80b3951 + 2?
80b3953
In base 6, what is -35 - 423543?
-424022
In base 5, what is 1131130340133 - 10?
1131130340123
In base 6, what is 23323223 + -14?
23323205
In base 8, what is -272621737 + -2?
-272621741
In base 5, what is 114 + 32041024?
32041143
In base 4, what is -12 - 1200332120031?
-1200332120103
In base 9, what is -636836735 - -4?
-636836731
In base 6, what is -23 - 135030010?
-135030033
In base 14, what is -75bb + 3513?
-40a8
In base 9, what is 5 + -3526356?
-3526351
In base 7, what is 13 + -21363161?
-21363145
In base 3, what is 20 - -2000000212100?
2000000212120
In base 16, what is 10f229e + 2?
10f22a0
In base 13, what is -167 + 798aa5?
79893b
In base 3, what is -1112011112120 + -1001100?
-1112012120220
In base 7, what is -61641205 + -10?
-61641215
In base 16, what is 590 - -2c99?
3229
In base 4, what is -3030200303 + -3230?
-3030210133
In base 8, what is 20636361 - 5?
20636354
In base 7, what is -321442 - 223?
-321665
In base 9, what is 2 + -1238243?
-1238241
In base 9, what is 36766435 - 0?
36766435
In base 5, what is -21244222 + -1212?
-21300434
In base 11, what is 6a1 - 39171?
-38580
In base 16, what is -7f9 + 18690?
17e97
In base 14, what is 1959789 - -4?
195978d
In base 5, what is 2331234313 - -20?
2331234333
In base 3, what is 200 + -110001112000222?
-110001112000022
In base 6, what is -5 - -311112412?
311112403
In base 6, what is 4441152 + 3?
4441155
In base 14, what is -15c + 80b63?
80a05
In base 3, what is 1221101012 - 2022202?
1212001110
In base 16, what is 4 - 6b66c?
-6b668
In base 2, what is 10010000111111101111001 - 100?
10010000111111101110101
In base 12, what is 12ba91b6 - 1?
12ba91b5
In base 10, what is 123 - 436341?
-436218
In base 7, what is -25063 + -1340?
-26433
In base 12, what is -22 - 489362?
-489384
In base 8, what is -215604 + -60?
-215664
In base 14, what is -535c3a - 5?
-535c41
In base 16, what is 1f7 + 1bf9?
1df0
In base 5, what is -10100 + -101021?
-111121
In base 9, what is 12330333 + 4?
12330337
In base 14, what is -ac - 6d1b?
-6dc9
In base 2, what is 1111110110 + 1000011010101100?
1000101010100010
In base 8, what is -1 + 2207120546?
2207120545
In base 12, what is -2a964b4 - -10?
-2a964a4
In base 12, what is -78 - -1a046?
19b8a
In base 7, what is 2512 + -33442?
-30630
In base 12, what is 3 - -805657?
80565a
In base 11, what is 30 - -1a0068a?
1a0070a
In base 3, what is 2 - 1000122020001200?
-1000122020001121
In base 11, what is 64186 - -57?
64232
In base 8, what is 1 + -14344210?
-14344207
In base 13, what is c323 + 340?
c663
In base 11, what is 52 - -3636a4?
363746
In base 11, what is -a2258 + -15?
-a2272
In base 13, what is -4038b22 + -6?
-4038b28
In base 4, what is 121000 - 1212130?
-1031130
In base 15, what is -7ec + -103a?
-1837
In base 7, what is -2 - 16056314?
-16056316
In base 13, what is 16 + -55c4c8?
-55c4b2
In base 5, what is 2234143203 - -4?
2234143212
In base 3, what is 11 - -20021002100202111?
20021002100202122
In base 12, what is aa7 + b744?
1062b
In base 16, what is 2c51 - 5e1?
2670
In base 6, what is 13 - 30302332?
-30302315
In base 3, what is 2 + -21011120112221?
-21011120112212
In base 11, what is 1258 - -5447?
66a4
In base 10, what is -14733128 - 6?
-14733134
In base 2, what is 1011 + -10111110000100110?
-10111110000011011
In base 9, what is -2402825 - 6?
-2402832
In base 15, what is -1520 + -2d3?
-1803
In base 6, what is 5 - 23135135140?
-23135135131
In base 8, what is 3 - -75721157?
75721162
In base 7, what is 156365144 + -65?
156365046
In base 4, what is 12202002313232 + 2?
12202002313300
In base 10, what is 562 - 506886?
-506324
In base 10, what is 563477 + -26?
563451
In base 12, what is 2 - -1a5b77?
1a5b79
In base 5, what is -443113 + 1321?
-441242
In base 4, what is 1320211110 - -11?
1320211121
In base 4, what is -30 - 233022110?
-233022200
In base 5, what